**3 - 2*b**2 + 57*b. Let h(f) = 26*f - 7. Let u(d) = -6*h(d) - 7*i(d). What is u(-1)?
2
Let s(i) = -i**3 + 23*i**2 + 172*i + 60. Let x be s(29). Let w(d) be the first derivative of -1/4*d**4 + 5 + 4*d**x + 5/3*d**3 - 7*d. Give w(6).
5
Suppose -4*w - 45 = -110*z + 113*z, 21 = -4*w + 5*z. Let k(o) = o**3 + 10*o**2 + 13*o + 39. What is k(w)?
3
Let n(h) be the first derivative of -h**5/60 + 11*h**4/24 - 2*h**3/3 + 41*h**2 - 16. Let j(a) be the second derivative of n(a). Give j(9).
14
Let u = -292 + 297. Suppose a + 0*n + 10 = -n, u*n + 20 = a. Let x(f) = -f + 4. Let p(c) = -c + 1. Let o(j) = -2*p(j) - x(j). Give o(a).
-21
Suppose -190*w = -191*w + 672. Let m(a) = -a**3 + 4*a**2 + 6*a**2 - 681*a + w*a. Calculate m(9).
0
Let s be (-12)/(-27) - (-6394)/2502. Let l(a) be the third derivative of 1/6*a**s + 1/8*a**4 + 0*a + 3*a**2 + 0. What is l(-2)?
-5
Let s be (10/66 + 92/506)/(1/(-21)). Let c(k) = -4*k**2 + 4*k - 2. Let q(u) = 3*u**2 - 5*u + 3. Let y(g) = -4*c(g) - 5*q(g). Calculate y(s).
-21
Let l(k) = k**2 + k - 11. Let z be l(-3). Suppose -3*g = -w + 14, -g + 2*g = -w - 2. Let y(c) = 2*c - c**3 - 6*c**w - 4*c - 7 + 14 - 10. What is y(z)?
-18
Let j(w) be the first derivative of w**2/2 - 30*w + 1951. Calculate j(-13).
-43
Let m(s) = 3*s**2 - 14*s - 1222 - 4*s**2 + 15*s + 1233. What is m(6)?
-19
Let k be 1 - (5 + -4 - 2). Suppose -d - 4*w - 4 = -w, 4*w + 12 = k*d. Let u(z) = 3*z - 2*z**d + 5*z**2 - 7 + 2 - 2*z**2. Give u(-4).
-1
Let i(v) = -14*v**3 - v**2 + v - 17. Let f = 11798 + -11798. Calculate i(f).
-17
Let a(y) = -2*y + 308 + 354 - 615. Calculate a(21).
5
Let p(s) = -1105 + s - 1108 - 1112 + 3309. Give p(12).
-4
Let c(p) = 3*p**2 - 11*p - 2. Let d be c(6). Let x be (90/(-25) - -3)/((-4)/d). Let o(a) = -a**3 + 5*a**2 + 5*a - 3. What is o(x)?
-9
Let g(j) = -j**3 + 6*j**2 + 4*j + 9. Suppose -52 + 183 = d. Let p = 138 - d. Calculate g(p).
-12
Let i(y) = -y**2 + 3*y - 4. Let r(q) = -3*q**2 + 8*q - 11. Let v(p) = -p**2 + 7*p - 4. Let g be v(7). Let a(t) = g*r(t) + 11*i(t). Let b = -103 + 99. Give a(b).
12
Let b(d) = 12722*d**2 - 25446*d**2 - 2 + 12722*d**2. Give b(-2).
-10
Suppose 0*h - 32 = 4*h. Let c(l) be the first derivative of -l**3/3 - 5*l**2/2 + 8*l - 3163. What is c(h)?
-16
Let s(k) = k**3 - 9*k**2 - 8*k + 9. Let r(u) = -19*u - 123. Suppose -209 - 92 = 43*m. Let f be r(m). Calculate s(f).
29
Let q be (3 - 2)*((0 - -2) + -1). Let o(f) = -4 + 0 + f**2 + 6*f + q. Give o(-3).
-12
Suppose 2222 = 15*m + 2192. Let z(c) be the third derivative of 1/120*c**6 + 0 - 1/12*c**5 - 5/24*c**4 - 18*c**m + 0*c + 1/6*c**3. Give z(6).
7
Suppose o + 7 = 5*b, 2*o = b - 2*b + 8. Let y(w) = 6 - w**3 - 3*w**2 + b*w + 11*w - 6*w - 2*w. Suppose 20*c + 110 = 30. Calculate y(c).
2
Let w(c) = -c - 4. Let r be (-42)/(-14) + 16/1. Suppose 4*y - 15 = -5*h, h + 5*y = y + r. Let a be -14*4/(-8)*h. Give w(a).
3
Suppose 2*g - 3*d - 1420 = 0, -3584 = -4*g - g - d. Let x(i) = i + 239 + 241 - g + 244. Give x(-11).
-3
Let j(o) be the second derivative of -o**2 + 0 + 1/20*o**5 + 2/3*o**3 + 281*o - 1/2*o**4. Let b = 2 + 3. Give j(b).
-7
Let t be -2 + (-2 - -6) - -1. Suppose 0 = 4*m + 4*a - 128, m + 0*m + t*a - 32 = 0. Let j(l) = 5 + 16*l**2 - 3 - 3 - m*l + 33*l. Calculate j(1).
16
Let d = 554 + -554. Let o(v) be the third derivative of 1/3*v**3 + 0 - 2*v**2 + 0*v - 1/24*v**4. Give o(d).
2
Let c = -290050 - -290048. Let k(r) = 6*r**3 + 2 + r + 3*r**2 + 0*r + r. Give k(c).
-38
Let r(z) = z**3 + 11*z**2 + 91*z + 805. Let j be r(-10). Let b(q) = 7*q + 28. What is b(j)?
-7
Let u(f) be the second derivative of -27*f**5/20 - f**4/12 - f**3/6 - f**2/2 - f. Let o = -11918 - -11917. Determine u(o).
26
Let i(a) = -a**2 + 10*a + 3. Let g(k) = k**3 + 70*k**2 - k - 59. Let d be g(-70). Determine i(d).
-8
Let s(h) = -27*h + 75. Suppose -5*p = 5*u - 45, p = 232*u - 227*u - 27. Give s(p).
-6
Let k(t) be the second derivative of t**4/12 - t**3 + t**2/2 + 13*t. Let i be ((-25)/2)/5 - 9/6. Let d be 2/i*-12 - -1. Calculate k(d).
8
Let g(s) = -8 - 9*s - 2*s**3 + 3*s**3 - 9*s**2 - 4. Let h(r) = -9*r**3 + 6*r**2 + 14*r + 2. Let k be h(-7). Let p be k/315 + (-6)/14. Calculate g(p).
-2
Let s(l) = 302*l**3 - l**2 - 2*l + 4. Let g be s(1). Suppose -13*m - g + 277 = 0. Let c(w) = -2*w**3 - 3*w**2 - w - 1. Give c(m).
5
Let d = -400 + 402. Let r(y) = d - 5 - y + 1 + 3. What is r(-3)?
4
Let a = 150 - 5. Let g = a - 145. Let d(p) = 4*p - 2*p**2 - 5*p + 7 + 2*p + 3*p**2. Give d(g).
7
Let d(b) = 3191*b - 6*b**3 + 51*b**2 - 48 - 3214*b + 4*b**3. Calculate d(25).
2
Let l(m) be the first derivative of m**4/4 + 8*m**3/3 - 10*m - 733. Give l(-8).
-10
Let n(j) = 60*j + 351. Let m(o) = -15*o - 88. Let i(u) = 33*m(u) + 8*n(u). Calculate i(-6).
-6
Let a be -1 + 6/5 - (-72)/40. Let o(g) = 7*g**3 - 1 - 6*g**3 - a - g - 8*g + 5*g**2. Let r be (4/(-6))/((-1)/(-9)). What is o(r)?
15
Let s(d) = -55*d - 111. Let x be s(-2). Suppose 9 = 4*a - 3. Let t(o) = -5 + 1 + a - 15*o. What is t(x)?
14
Let m(n) = 2634 - 1313 + n - 1318. Let a = -51 - -56. Calculate m(a).
8
Let f(h) = 394*h + 43. Let b be f(-1). Let z = b + 353. Let i(p) be the third derivative of -p**6/40 + p**5/20 - p**2. What is i(z)?
-12
Let c(q) = 21*q**3 - 86*q**2 - 84*q + 2. Let d be c(-1). Let u(s) = -5*s - 123. Calculate u(d).
-18
Let o(f) = -2 + 6*f - 11*f + 18*f - 6 + 5. Calculate o(2).
23
Let b(n) = -2*n - 1. Let i = 447 - 255. Let o = 194 - i. What is b(o)?
-5
Let c(n) = n**3 + n - 16. Let l be 2/((-66)/11) + 11/(-3). Let k be (-1)/2*(-1 + 7). Let w be -1 - (3 - k*l/3). Determine c(w).
-16
Let h(v) = 2*v**2 + 434*v + 1288. Let l be h(-3). Let o(w) = 3*w**3 - 2*w**2 - 6*w - 1. Let j(x) = x**3 - x**2 - x + 1. Let t(g) = 2*j(g) - o(g). Give t(l).
-45
Let f(r) = 2*r + 2. Let a be (7*(-28)/98)/(8/(-28)). What is f(a)?
16
Suppose 0 = 52*c - 94*c + 55*c - 169. Let x(i) = -i**2 + 14*i - 11. Determine x(c).
2
Suppose 2*h + 3*b = 3*h - 43, 59 = 2*h + 3*b. Suppose h*o - 79*o + 225 = 0. Let n(w) = -w**3 + 4*w**2 + 5*w + 5. What is n(o)?
5
Let p = -328 + 334. Let d(m) = -5*m**2 + 29*m + 3. Let h(b) = 4*b**2 - 27*b - 2. Let f(l) = p*h(l) + 5*d(l). Determine f(-17).
3
Let x(s) = -44*s - 4. Suppose 2*a = -5*b - 28, 6*b + 13 = a + 4*b. Calculate x(a).
-48
Let w(m) = m**3 + 2*m - 1. Suppose -28*o + 12*o = -1264. Let c = o + -77. Calculate w(c).
11
Let d(y) = 28*y + 19. Let j(f) = -13*f - 9. Let q(o) = 4*o**3 - 2*o**2 - 5*o - 5. Let k be q(-1). Let l(p) = k*d(p) - 13*j(p). Calculate l(4).
7
Suppose 2*w + 4 = -5*k, -4*k - 4 = 4. Let s(u) be the first derivative of 1/4*u**4 + 0*u**2 - w - 3*u**3 + 5*u. What is s(9)?
5
Let g(i) = -i**3 + 29*i**2 + 25*i + 152. Let s be g(30). Let x(q) = 5*q**2 - 3. What is x(s)?
17
Let i(a) be the first derivative of 2*a**3/3 - 3*a**2 + 6*a + 789. Let c be 100/26 - 4/(-26). Calculate i(c).
14
Suppose -6 = 29*t - 151. Suppose -t*l = -l + 12, -3*l - 17 = 4*q. Let a(g) = 2*g**2 + 3*g + 5. Calculate a(q).
7
Let g = 14030 + -14026. Let f(x) = -6*x - 1. What is f(g)?
-25
Let b(n) = -n**2 - 16 + 1 + 11*n - 7. Let t(a) = a**3 - 86*a**2 - 81*a - 517. Let o be t(87). What is b(o)?
8
Let q(o) be the first derivative of -o**3/3 - 4*o**2 + 9*o - 128. Let t = -302 - -293. Determine q(t).
0
Let h(z) = -z**3 - 7*z**2 + 7*z + 3. Let g be -20 - -14 - (-3)/(4 - 7). What is h(g)?
-46
Let g(c) = c**2 - c - 27. Suppose -28*u + 61*u - 123 = 108. Give g(u).
15
Let z(k) be the third derivative of k**6/120 - 19*k**5/60 - k**4/8 - 2*k**3/3 - 170*k**2. Determine z(19).
-61
Let x(w) = -58 + 65*w + 172 - w**2 + 3*w**2 - 167*w + 85. What is x(2)?
3
Let n = -496 - -496. Let d(r) = 13*r + 11 + n - 9 - 7 + r**2. Calculate d(-13).
-5
Let n(f) be the first derivative of 7*f**5/120 + 16*f**3/3 + 13. Let j(x) be the third derivative of n(x). Let i = 57 - 58. Calculate j(i).
-7
Let g(v) be the third derivative of -7*v**4/4 + 3*v**3/2 - 2081*v**2. Calculate g(-1).
51
Let v(i) be the first derivative of -3*i**2/2 + 3*i - 2. Suppose 0 = -13*o + 29*o + 228*o - 1708. What is v(o)?
-18
Let b(v) = v**3 - 3*v**2 - 6*v - 7. Let o be -6 + (-6)/(-3) - 11. Let w(p) = p**3 + 14*p**2 - 19*p - 55. Let u be w(o). Give b(u).
13
Let q(x) = -2*x - 8. Let z = 177 - 173. Suppose -6*o + 9*o - 6 = 0, -z*o = -j - 17. Calculate q(j).
10
Let k = 7736 + -92831/12. Let s(u) be the third derivative of -1/120*u**6 - 1/6